se c + 16 = 5*f, -2*f - 5*c + 0 + 1 = 0. Suppose f*w = 7*w. Is g(w) a composite number?
True
Let o(p) = 35*p**2 + 11*p + 7. Let a(w) = 53*w**2 + 17*w + 11. Let c(g) = -5*a(g) + 8*o(g). Is c(-2) composite?
True
Let g(o) = -o - 3. Let h be g(0). Let x(b) = b**2 + b + 6. Let z(q) = q**3 - 3*q**2 - 4*q - 25. Let l(d) = -9*x(d) - 2*z(d). Is l(h) a composite number?
True
Let a(m) = 30*m + 1. Let i(w) = w**2 + 9*w + 11. Let x be i(-8). Let c = x - 2. Is a(c) a composite number?
False
Let o(t) = 9 - 8*t - 5*t - 2 + 3*t. Is o(-7) a prime number?
False
Let m = 2295 - -2422. Is m composite?
True
Let s be 2*2*(-1)/(-2). Let t(f) = 0*f + 5*f**s + 7*f**2 + 1 + 0 + 2*f. Is t(2) composite?
False
Let g be ((-79)/(-5) + -1)*20. Let s = g + -130. Is s a composite number?
True
Suppose -2*h + 834 = h. Let c = h - -61. Is c a composite number?
True
Let u = 165 + -38. Is u a prime number?
True
Suppose 2*z = -z - 6. Is (-2 - -10) + z/(-1) prime?
False
Let x(n) = n**2 - n + 4. Let q be x(-8). Let i be 0 - (q/(-2) - -1). Suppose 0 = 5*k - 4*k - i. Is k a composite number?
False
Let z be (3 - -3) + -3 + -1. Suppose 2*l = l + z. Suppose 4*s + 0*s + 49 = 3*f, l*f + 3*s = 10. Is f prime?
True
Let f be (60/25)/((-3)/10). Let s = -5 - f. Is s prime?
True
Let s be ((-3)/4)/((-1)/4). Let t = -8 + 26. Suppose a + a - s*g = t, -20 = 5*g. Is a prime?
True
Let j = 1085 + -738. Is j prime?
True
Let b be 9/(-6)*64/(-6). Suppose 2 = -y - 7. Let l = y + b. Is l prime?
True
Suppose n + 1 = -7. Is (452/n)/(2/(-12)) a prime number?
False
Let x(a) = -9*a - 1. Let z be x(-1). Let c be (-2)/z - (-3)/(-4). Is 1*c*(-2 + -17) composite?
False
Is (1 + -16)*(-74)/6 a prime number?
False
Let y = 220 - -321. Is y composite?
False
Let p(v) = 101*v**3 + v**2 - 4*v + 5. Is p(2) prime?
True
Let w(i) = i - 7. Let n = -6 - -6. Let y be w(n). Let h = 0 - y. Is h a composite number?
False
Let r be (-15 - -2)*(-3 - -1). Let t = 267 - r. Let c = t + -130. Is c a prime number?
False
Suppose -4*j = -0*j + 20, t = -j - 5. Suppose -156 = -t*q + 4*q. Is (-1)/((-77)/q - 2) a composite number?
True
Let b(q) = 161*q. Suppose -5*w + 5*u + 25 = 0, 0 = -3*u - 6 - 6. Is b(w) prime?
False
Let r(c) = -117*c - 4. Is r(-5) prime?
False
Let x = 265 + 148. Is x a prime number?
False
Let t(y) = -66*y + 9. Let u(n) = -66*n + 10. Let x(b) = 3*t(b) - 2*u(b). Is x(-7) composite?
True
Let k(w) = 66*w**2 + 8*w - 11. Is k(6) a prime number?
False
Let b(d) = -2*d**3 - d**2 - 3. Let s(q) = -4*q**3 - q + 6*q**2 - 4*q**2 + 7*q**3 + 4. Let p(k) = 4*b(k) + 3*s(k). Is p(2) a composite number?
True
Let c = -2 - -2. Suppose -3 = 3*i + 3*y, -2*i - 8 = -y - c*y. Is i*(2 + (-190)/6) a composite number?
False
Suppose 8*b - 3*b = -3*s + 2618, 869 = s - 2*b. Is s composite?
True
Let d(i) = -1197*i - 46. Is d(-4) a prime number?
False
Let r = 290 - -129. Is r prime?
True
Let j = 9 - 11. Is 1 + j - 1*-15 a prime number?
False
Suppose -50 = -5*u + 3*u. Is u composite?
True
Let d = 4 + -1. Suppose -r + d*r = 0. Suppose -z + 2*z - 14 = r. Is z composite?
True
Is (-3)/4 + (-1)/4*-9719 a prime number?
False
Let v(b) = 11*b. Let w be v(2). Is 1470/w - (-4)/22 a composite number?
False
Let q be 48/(0 - 1/(-1)). Let t be (0 + q/9)*-3. Let x = -10 - t. Is x a prime number?
False
Let f = 35 - 23. Is (-405)/(-12) + (-9)/f composite?
True
Let f(p) = p**3 - 5*p**2 - 7*p + 4. Let m = -9 + 16. Is f(m) prime?
True
Suppose j + 29 = -f, -2*j + 3*j = -3*f - 25. Let i be 2*(-2)/6*-99. Let o = i + j. Is o composite?
True
Let i = 74 - 16. Suppose -4*k + 50 = -c, -5*c - 12 = -5*k + i. Suppose 0 = 6*m - 3*m - k. Is m prime?
False
Let d(b) = 84*b**2 + 3. Let g be d(-3). Suppose -4*v + 917 = -g. Is v a composite number?
False
Let f(u) = -5*u**2 + 0 + u**3 + 3 + 0. Let p be f(5). Is p/(22/7 - 3) a prime number?
False
Let s(f) = -f**3 + 12*f**2 - 11*f. Let a be s(11). Suppose a = -5*p + p + 844. Is p prime?
True
Let u = -11 + 45. Is u a composite number?
True
Suppose f = -3, -f - 14 = -3*d + 1. Let q(u) = 2*u - 6. Let t be q(d). Is (422/t)/(3/3) prime?
True
Let a = 18 - -16. Is a composite?
True
Let v(o) = 2*o**2 - 2*o + 2. Let i be v(-9). Let c = 81 + -26. Let u = i - c. Is u a prime number?
True
Let z = -16 - -10. Let d be z*3/6 - -4. Is (d*-1)/(2/(-422)) composite?
False
Let i(g) = -41*g**2 + 7*g + 3. Let t(n) = 62*n**2 - 10*n - 4. Let d(v) = 7*i(v) + 5*t(v). Is d(2) composite?
True
Let b be -293 + 4/((-16)/12). Is (1 + 0)/((-4)/b) a prime number?
False
Is (-1)/4 + 778/8 prime?
True
Let v = 299 - 498. Let k = v - -293. Is k a prime number?
False
Let j be (-1 - -3) + 1 + -1. Suppose 0 = -2*w - p + 3*p + 124, -2*p = j*w - 144. Is w a prime number?
True
Suppose 4*j - 7*d - 45 = -2*d, j = 3*d + 13. Is j composite?
True
Suppose 5*k - 6*k + 131 = 0. Is k a prime number?
True
Suppose -3*y + 6 = 2*y + h, 5*h = -4*y + 9. Is (3/(-6))/(y/(-262)) a prime number?
True
Let l be 0 + -2 + (-4 - -8). Suppose -s + 55 = 6*f - f, -l*s - 4*f = -86. Is s prime?
False
Let t(n) = n**2 + 12. Let c be t(0). Let r = 25 - c. Is r a prime number?
True
Let y(h) = -h**2 + 4*h - 3. Let f be y(2). Let w be f*5/(15/(-6)). Is (w/(-6))/(2/426) prime?
True
Suppose 3*t = 4*h + 331, -4*t = -0*h - 2*h - 438. Let w = -58 + t. Is w composite?
True
Let q(i) = -i**3 - i**2 + i + 16. Is q(-5) a composite number?
True
Let j(a) = 6*a**2 - 1 - 6*a - 16*a**3 + 5*a**2 + 15*a**3 + 2. Let i(l) = l**3 + 5*l**2 + 4*l + 4. Let t be i(-4). Is j(t) a composite number?
False
Suppose 4*r - 573 = 295. Is r a composite number?
True
Suppose 4*n - 1098 = 418. Is n composite?
False
Suppose 6 = 5*q - 14. Suppose -q*v = -90 - 590. Suppose -s + 3*s = v. Is s prime?
False
Let t = 743 - 531. Let o(w) = t*w**2 - 18*w**2 - 10*w**2 - w. Is o(-1) prime?
False
Let w(l) = -l**2 + 12*l - 4. Suppose 3*b = -10 + 25. Let u = b + 0. Is w(u) a composite number?
False
Let t(w) be the second derivative of 5/2*w**3 - 7/2*w**2 - w + 0. Is t(6) a prime number?
True
Let s be 9/2 - (-1)/(-2). Suppose -s*o + 13 + 927 = 0. Is o a composite number?
True
Is (667/(-2) + -1)/((-2)/4) prime?
False
Let g(s) = 3*s**2 - 1. Let q be g(-1). Suppose -5*y + 5*m + 10 = 0, 0 = -y - q*y + m + 12. Suppose 2*v - y*v - 12 = 0, 2*v + 1663 = 5*x. Is x a prime number?
True
Suppose 2*r - 5*t = -3*r + 40, -4*r - 3*t + 53 = 0. Suppose 5*l + 3390 = 5*d, r = 5*l - 14. Is d a prime number?
True
Let g = 54 + -7. Is g a composite number?
False
Let t(p) be the first derivative of -2*p**3/3 + 5*p - 1. Let y be t(6). Let m = 116 + y. Is m composite?
True
Suppose -5*x = -4*n - 168, -2*x - 5*n = -0*n - 54. Let d = -7 + x. Suppose 0 = -5*p + d, -5 - 11 = -2*h + 2*p. Is h composite?
False
Let j(r) = -5*r - 2. Let g be j(-2). Suppose -g*a + 352 = -4*a - 4*n, -357 = -4*a - n. Is a a composite number?
False
Let a(o) = 8*o**3 + o**2 - 8*o - 4. Let w(j) = 23*j**3 + 2*j**2 - 23*j - 11. Let t(r) = -11*a(r) + 4*w(r). Is t(3) prime?
False
Suppose 4*h - 24 = -a, -4*a + 8*a - 1 = 3*h. Suppose -102 = -2*f - 0*f + h*d, -3*f = 4*d - 153. Is f prime?
False
Suppose -16*n = -15*n - 307. Is n a composite number?
False
Let w(q) = -q + 1. Let l be w(-1). Is (-609)/6*(-4 + l) composite?
True
Let n(d) = -359*d**2 - 2*d. Let y be n(2). Let p = y + 371. Is 4/18 + p/(-9) a prime number?
False
Let x(s) = 10*s**2 - 2*s - 1. Let b(n) = n + 2. Let v be b(-3). Let c be x(v). Let j(l) = l**3 - 10*l**2 - 6*l + 2. Is j(c) a composite number?
True
Let r(i) = 5*i**2 - i - 2. Let z be r(6). Is (1/2)/(2/z) prime?
True
Suppose 0*u = 5*u - 25. Suppose -1 = -3*k + u. Suppose 0 = 4*v - 9*v + 3*f + 112, -k*v + 3*f + 43 = 0. Is v prime?
True
Let w = -59 + 36. Let j = 8 + w. Is 6/j + 187/5 composite?
False
Let c(p) = 5*p**2 - 1 + 2*p**2 + 4*p - p**2 + p**3. Let a be c(-5). Suppose a*m = d + 59, 2*m - 31 = -2*d + 3*d. Is m a composite number?
True
Is (11 - 9)*1293/2 prime?
False
Let x = -50 - -208. Is x composite?
True
Let l(w) = -122*w**3 + w**2 - 2*w - 1. Is l(-2) a composite number?
False
Let z = -10 + 29. Is z composite?
False
Let g(i) be the second derivative of -i**5/20 + i**2 + 4*i. Let y be g(3). Let n = y - -164. Is n composite?
False
Let o be 68/(-1)*14/(-8). Suppose -136 = -5*i + o. Is i a composite number?
True
Suppose -5*b + 290 = 5*x, x - 81 = 4*b - 18. Is x prime?
True
Suppose 3*j = 3*q - 9, 8 = -4*q - 5*j + 29. Suppose -